y 67.
66
Calculate the remainder when 71 is divided by 31.
9
Calculate the remainder when 1669 is divided by 76.
73
What is the remainder when 21 is divided by 7?
0
Calculate the remainder when 170 is divided by 59.
52
Calculate the remainder when 386 is divided by 39.
35
What is the remainder when 468 is divided by 31?
3
What is the remainder when 1051 is divided by 117?
115
Calculate the remainder when 101 is divided by 53.
48
Calculate the remainder when 151 is divided by 38.
37
What is the remainder when 27 is divided by 10?
7
What is the remainder when 2933 is divided by 486?
17
What is the remainder when 226 is divided by 64?
34
What is the remainder when 109 is divided by 3?
1
What is the remainder when 237 is divided by 42?
27
What is the remainder when 404 is divided by 12?
8
Calculate the remainder when 887 is divided by 123.
26
Calculate the remainder when 783 is divided by 16.
15
Calculate the remainder when 1397 is divided by 87.
5
Calculate the remainder when 448 is divided by 30.
28
Calculate the remainder when 57 is divided by 32.
25
Calculate the remainder when 3809 is divided by 31.
27
What is the remainder when 106 is divided by 70?
36
What is the remainder when 5401 is divided by 1794?
19
Calculate the remainder when 255 is divided by 130.
125
Calculate the remainder when 49 is divided by 47.
2
Calculate the remainder when 961 is divided by 37.
36
Calculate the remainder when 421 is divided by 147.
127
Calculate the remainder when 1031 is divided by 206.
1
Calculate the remainder when 4314 is divided by 48.
42
What is the remainder when 2182 is divided by 84?
82
Calculate the remainder when 131 is divided by 11.
10
Calculate the remainder when 195 is divided by 15.
0
Calculate the remainder when 223 is divided by 58.
49
Calculate the remainder when 21 is divided by 12.
9
Calculate the remainder when 1761 is divided by 43.
41
What is the remainder when 204 is divided by 23?
20
What is the remainder when 257 is divided by 65?
62
Calculate the remainder when 53 is divided by 21.
11
Calculate the remainder when 79 is divided by 19.
3
What is the remainder when 84 is divided by 31?
22
What is the remainder when 11749 is divided by 24?
13
What is the remainder when 1629 is divided by 34?
31
What is the remainder when 28 is divided by 8?
4
Calculate the remainder when 618 is divided by 161.
135
What is the remainder when 4207 is divided by 12?
7
Calculate the remainder when 856 is divided by 39.
37
Calculate the remainder when 264 is divided by 34.
26
What is the remainder when 185 is divided by 107?
78
What is the remainder when 685 is divided by 43?
40
Calculate the remainder when 59 is divided by 27.
5
What is the remainder when 551 is divided by 155?
86
What is the remainder when 128 is divided by 56?
16
Calculate the remainder when 15003 is divided by 44.
43
What is the remainder when 727 is divided by 11?
1
Calculate the remainder when 585 is divided by 256.
73
Calculate the remainder when 2011 is divided by 101.
92
Calculate the remainder when 235 is divided by 27.
19
What is the remainder when 1010 is divided by 91?
9
What is the remainder when 287 is divided by 5?
2
What is the remainder when 156 is divided by 44?
24
Calculate the remainder when 189 is divided by 147.
42
What is the remainder when 956 is divided by 82?
54
What is the remainder when 1582 is divided by 11?
9
Calculate the remainder when 2783 is divided by 24.
23
What is the remainder when 395 is divided by 385?
10
Calculate the remainder when 617 is divided by 62.
59
What is the remainder when 17 is divided by 6?
5
What is the remainder when 9 is divided by 8?
1
What is the remainder when 103 is divided by 4?
3
Calculate the remainder when 4155 is divided by 320.
315
What is the remainder when 137 is divided by 30?
17
Calculate the remainder when 5427 is divided by 92.
91
Calculate the remainder when 5940 is divided by 456.
12
Calculate the remainder when 856 is divided by 20.
16
Calculate the remainder when 528 is divided by 38.
34
Calculate the remainder when 1553 is divided by 6.
5
Calculate the remainder when 574 is divided by 115.
114
What is the remainder when 147 is divided by 40?
27
What is the remainder when 218 is divided by 47?
30
Calculate the remainder when 608 is divided by 81.
41
What is the remainder when 2141 is divided by 10?
1
Calculate the remainder when 12252 is divided by 95.
92
What is the remainder when 13598 is divided by 34?
32
Calculate the remainder when 3846 is divided by 55.
51
Calculate the remainder when 2958 is divided by 21.
18
Calculate the remainder when 1731 is divided by 101.
14
What is the remainder when 178 is divided by 40?
18
What is the remainder when 6775 is divided by 44?
43
What is the remainder when 310 is divided by 35?
30
What is the remainder when 176 is divided by 24?
8
What is the remainder when 67 is divided by 43?
24
What is the remainder when 124 is divided by 78?
46
What is the remainder when 58 is divided by 15?
13
What is the remainder when 44 is divided by 8?
4
Calculate the remainder when 101 is divided by 15.
11
What is the remainder when 1059 is divided by 28?
23
Calculate the remainder when 121 is divided by 120.
1
What is the remainder when 1850 is divided by 117?
95
Calculate the remainder when 1747 is divided by 125.
122
What is the remainder when 348 is divided by 27?
24
Calculate the remainder when 4440 is divided by 7.
2
What is the remainder when 4614 is divided by 49?
8
Calculate the remainder when 458 is divided by 73.
20
What is the remainder when 60 is divided by 33?
27
Calculate the remainder when 501 is divided by 114.
45
Calculate the remainder when 61 is divided by 29.
3
Calculate the remainder when 375 is divided by 42.
39
What is the remainder when 526 is divided by 19?
13
What is the remainder when 163 is divided by 14?
9
What is the remainder when 307 is divided by 21?
13
Calculate the remainder when 101 is divided by 16.
5
Calculate the remainder when 6478 is divided by 81.
79
Calculate the remainder when 870 is divided by 67.
66
What is the remainder when 221 is divided by 92?
37
Calculate the remainder when 233 is divided by 30.
23
Calculate the remainder when 149 is divided by 26.
19
What is the remainder when 494 is divided by 26?
0
What is the remainder when 359 is divided by 3?
2
What is the remainder when 91 is divided by 28?
7
What is the remainder when 245 is divided by 4?
1
Calculate the remainder when 68 is divided by 11.
2
Calculate the remainder when 36 is divided by 24.
12
What is the remainder when 183 is divided by 30?
3
What is the remainder when 750 is divided by 151?
146
What is the remainder when 136 is divided by 27?
1
What is the remainder when 1259 is divided by 13?
11
What is the remainder when 15408 is divided by 30?
18
Calculate the remainder when 54 is divided by 16.
6
Calculate the remainder when 3597 is divided by 8.
5
Calculate the remainder when 169 is divided by 10.
9
Calculate the remainder when 487 is divided by 70.
67
Calculate the remainder when 2566 is divided by 323.
305
What is the remainder when 288 is divided by 96?
0
What is the remainder when 630 is divided by 164?
138
Calculate the remainder when 27 is divided by 4.
3
Calculate the remainder when 715 is divided by 177.
7
Calculate the remainder when 240 is divided by 85.
70
What is the remainder when 434 is divided by 242?
192
Calculate the remainder when 268 is divided by 134.
0
What is the remainder when 708 is divided by 140?
8
What is the remainder when 33 is divided by 9?
6
What is the remainder when 135 is divided by 27?
0
Calculate the remainder when 27 is divided by 15.
12
What is the remainder when 1799 is divided by 9?
8
What is the remainder when 69 is divided by 16?
5
Calculate the remainder when 1559 is divided by 221.
12
What is the remainder when 73 is divided by 55?
18
What is the remainder when 50 is divided by 18?
14
Calculate the remainder when 1165 is divided by 11.
10
Calculate the remainder when 31 is divided by 21.
10
Calculate the remainder when 1244 is divided by 66.
56
What is the remainder when 554 is divided by 98?
64
What is the remainder when 799 is divided by 115?
109
Calculate the remainder when 300 is divided by 43.
42
Calculate the remainder wh